{"id":963,"date":"2020-10-25T02:06:52","date_gmt":"2020-10-25T02:06:52","guid":{"rendered":"http:\/\/observatorioambientaluagrm.org\/?page_id=963"},"modified":"2020-10-25T02:13:08","modified_gmt":"2020-10-25T02:13:08","slug":"instituciones-ambientalistas","status":"publish","type":"page","link":"https:\/\/observatorioambientaluagrm.net\/?page_id=963","title":{"rendered":"Instituciones Ambientalistas"},"content":{"rendered":"\n<figure class=\"wp-block-table is-style-regular\"><table><thead><tr><th><strong>INSTITUCI\u00d3N<\/strong><\/th><th><strong>SITIO WEB<\/strong><\/th><\/tr><\/thead><tbody><tr><td>ADEFCO-&nbsp; Asociaci\u00f3n de Derecho Forestal Ambiental de Bolivia<\/td><td>http:\/\/www.adefabo.org\/<\/td><\/tr><tr><td>AGUA Y JUVENTUD<\/td><td>www.aguayjuventudbolivia.blogspot.com<\/td><\/tr><tr><td>ALT &#8211; Autoridad Binacional Aut\u00f3noma del Sistema H\u00eddrico del Lago Titicaca<\/td><td><a href=\"http:\/\/www.alt-perubolivia.org\/pagina\/\">http:\/\/www.alt-perubolivia.org\/pagina\/<\/a><\/td><\/tr><tr><td>AMBIO CHACO-<\/td><td><a href=\"mailto:ambiochaco@gmail.com\">ambiochaco@gmail.com<\/a><\/td><\/tr><tr><td>ARMONIA- Asociaci\u00f3n Armon\u00eda<\/td><td><a href=\"http:\/\/www.armonia-bo.org\/\">http:\/\/www.armonia-bo.org\/<\/a><\/td><\/tr><tr><td>ASE- Asociaci\u00f3n Sucrense de Ecol\u00f3gica<\/td><td><a href=\"http:\/\/www.asechuquisaca.org\/\">http:\/\/www.asechuquisaca.org\/<\/a><\/td><\/tr><tr><td>ASEO &#8211; Asociaci\u00f3n Ecol\u00f3gica del Oriente<\/td><td>http:\/\/aseoscz.blogspot.com\/<\/td><\/tr><tr><td>BIOMUNDO<\/td><td><a href=\"http:\/\/biomundo.jimdo.com\/\">http:\/\/biomundo.jimdo.com\/<\/a><\/td><\/tr><tr><td>ASTROCRUZ<\/td><td><a href=\"http:\/\/www.astrocruz.org\/\">http:\/\/www.astrocruz.org\/<\/a><\/td><\/tr><tr><td><a href=\"http:\/\/www.carebolivia.org\/\">CARE<\/a><\/td><td><a href=\"http:\/\/www.carebolivia.org\/\">http:\/\/www.carebolivia.org\/<\/a><\/td><\/tr><tr><td>CENTRO AGUA &#8211; FCA y P .<\/td><td><a href=\"http:\/\/www.centro-agua.org\/\">http:\/\/www.centro-agua.org\/<\/a><\/td><\/tr><tr><td>CEEDI, Centro de Estudios Ecol\u00f3gicos y de Desarrollo Integral<\/td><td><a href=\"mailto:ceedi@unete.com.bo\">ceedi@unete.com.bo<\/a><\/td><\/tr><tr><td>CFV &#8211; Certificaci\u00f3n Voluntaria Forestal<\/td><td>h<a href=\"http:\/\/www.consejoforestal.org.bo\/\">ttp:\/\/www.consejoforestal.org.bo\/<\/a><\/td><\/tr><tr><td>CI &#8211; Conservaci\u00f3n Internacional<\/td><td>www.conservation.org<\/td><\/tr><tr><td>CIAT &#8211; Centro de investigaci\u00f3n Agr\u00edcola Tropical<\/td><td><a href=\"http:\/\/ciatbo.org\/es\/\">http:\/\/ciatbo.org\/es\/<\/a><\/td><\/tr><tr><td>CIDDEBENI-Centro de Investigaci\u00f3n y Documentaci\u00f3n para el Desarrolo del Beni<\/td><td><a href=\"http:\/\/www.ciddebeni.org\">www.ciddebeni.org<\/a><\/td><\/tr><tr><td>CIFOR- Centro de Investigaci\u00f3n Forestal Regional<\/td><td><a href=\"http:\/\/www.cifor.cgiar.org\/\">http:\/\/www.cifor.cgiar.org\/<\/a><\/td><\/tr><tr><td>CIMAR- Centro de Investigaci\u00f3n y Manejo de Recursos Naturales Renovables<\/td><td>&nbsp;<\/td><\/tr><tr><td>CIPCA-&nbsp; Centro de investigaci\u00f3n y Promoci\u00f3n al Campesino<\/td><td><a href=\"http:\/\/www.cipca.org.bo\/\">http:\/\/www.cipca.org.bo\/<\/a><\/td><\/tr><tr><td><a href=\"http:\/\/www.cruzrojaboliviana.org\/\">CRUZ ROJA BOLIVIANA<\/a><\/td><td><a href=\"http:\/\/www.cruzrojaboliviana.org\/\">http:\/\/www.cruzrojaboliviana.org\/<\/a><\/td><\/tr><tr><td>ECOCLUBES<\/td><td><a href=\"http:\/\/www.ecoclubes.org\">www.ecoclubes.org<\/a><\/td><\/tr><tr><td>ECOMINGA- Ecodesarrollo Comunitario y Salud Ambiental en Bolivia<\/td><td><a href=\"http:\/\/www.ecominga.uqam.ca\/categories\/liens.html\">www.ecominga.uqam.ca<\/a><\/td><\/tr><tr><td>EMACRUZ<\/td><td><a href=\"http:\/\/www.emacruz.com.bo\/\">http:\/\/www.emacruz.com.bo\/<\/a><\/td><\/tr><tr><td>FAN- Fundaci\u00f3n Amigos de La Naturaleza<\/td><td><a href=\"http:\/\/www.fan-bo.org\/es\/index.php\">www.fan-bo.org<\/a><\/td><\/tr><tr><td>FCBC&nbsp; &#8211; Fundaci\u00f3n para la Conservaci\u00f3n del Bosque Chiquitano<\/td><td><a href=\"http:\/\/www.fcbc.org.bo\/web\/\">http:\/\/www.fcbc.org.bo\/web\/<\/a><\/td><\/tr><tr><td>Fundaci\u00f3n de Educaci\u00f3n Ambiental<\/td><td><a href=\"http:\/\/fceasc.org\/\">http:\/\/www.fceasc.org\/<\/a><\/td><\/tr><tr><td>FIDES &#8211; Fundaci\u00f3n Integrada de Desarrollo<\/td><td>www.<\/td><\/tr><tr><td>FNK -Fundaci\u00f3n Noel Kempff<\/td><td><a href=\"http:\/\/www.fnkm.org\/\">www.fnkm.org\/<\/a><\/td><\/tr><tr><td>FUAMO &#8211; Fundaci\u00f3n Amigos del Museo de Historia Noel Kempff Mercado<\/td><td><a href=\"http:\/\/museonoelkempff.org\/sitio\/index.html\">www.museonoelkempff.org<\/a><\/td><\/tr><tr><td>FUNDACI\u00d3N AVINA<\/td><td><a href=\"http:\/\/www.avina.net\/web\/siteavina.nsf\/page?open\">www.avina.net<\/a><\/td><\/tr><tr><td>FUNDACI\u00d3N NATURA<\/td><td><a href=\"http:\/\/www.naturabolivia.org\/index.htm\">http:\/\/www.naturabolivia.org\/index.htm<\/a><\/td><\/tr><tr><td>FUNDACI\u00d3N PUMA- Fundaci\u00f3n Protecci\u00f3n y Uso Sostenible del Medio Ambiente<\/td><td><a href=\"http:\/\/www.fundacionpuma.org\/web\/index.php\">http:\/\/www.fundacionpuma.org\/web\/index.php<\/a><\/td><\/tr><tr><td>FUNDACI\u00d3N AMERIDA<\/td><td><a href=\"http:\/\/www.amerida.org\/\">http:\/\/www.amerida.org\/<\/a><\/td><\/tr><tr><td>FUNDACI\u00d3N SEPA<\/td><td><a href=\"http:\/\/www.fundacionsepa.org\/\">http:\/\/www.fundacionsepa.org\/<\/a><\/td><\/tr><tr><td>GAB -Grupo de Apoyo a la Biolog\u00eda<\/td><td><em>http:\/\/groups.google.com.bo<\/em><\/td><\/tr><tr><td><a href=\"http:\/\/www.herencia.org.bo\/index.php?q=herencia\/quienes_somos\">HERENCIA-&nbsp; Interdisciplinaria para el Desarrollo Sostenible<\/a><\/td><td><a href=\"http:\/\/www.herencia.org.bo\/index.php?q=herencia\/quienes_somos\">www.herencia.org.bo<\/a><\/td><\/tr><tr><td>HOYAM- Centro de Estudios Hoyam Amaz\u00f3nicas-Mojo<\/td><td><a href=\"http:\/\/www.hoyam-mojos.org\/\">http:\/\/www.hoyam-mojos.org<\/a><\/td><\/tr><tr><td>IBIF- Instituto Boliviano de Investigaci\u00f3n Forestal<\/td><td><a href=\"http:\/\/www.ibifbolivia.org.bo\/index.php\/Principal.Inicio\">www.ibifbolivia.org.bo<\/a><\/td><\/tr><tr><td>ICEA&nbsp; &#8211; Instituto para La Conservaci\u00f3n De Ecosistemas Acu\u00e1ticos<\/td><td>www. <a href=\"mailto:icea@iceabolivia.org\">iceabolivia.org<\/a><\/td><\/tr><tr><td>ICO \u2013 Instituto para la Capacitaci\u00f3n del Oriente<\/td><td>www.ondaslibres.org<\/td><\/tr><tr><td>IE &#8211; Instituto de Ecolog\u00eda<\/td><td><a href=\"mailto:dirinsteco@gmail.com\">dirinsteco@gmail.com<\/a><\/td><\/tr><tr><td>IICCA \u2013 Instituto de Investigaci\u00f3n y Capacitaci\u00f3n Campesina<\/td><td><a href=\"mailto:iicca@cosett.com.bo\">iicca@cosett.com.bo<\/a> &nbsp;<\/td><\/tr><tr><td>IPHAE- Instituto para El Hombre Agricultura y Ecolog\u00eda<\/td><td>http:\/\/www.iphae-riberalta.org.bo\/<\/td><\/tr><tr><td>RD\u00cdN BOT\u00c1NICO<\/td><td><a href=\"http:\/\/www.gmsantacruz.gov.bo\/Botanico\/index.htm\">www.gmsantacruz.gov.bo\/Botanico<\/a><\/td><\/tr><tr><td>LIDEMA- Liga de Defensa al Medio Ambiente &#8211;<\/td><td><a href=\"http:\/\/www.lidema.org.bo\/\">www.lidema.org.bo<\/a><\/td><\/tr><tr><td>MUSEO DE HISTORIA NOEL KEMPFF MERCADO<\/td><td><a href=\"http:\/\/museonoelkempff.org\/sitio\/index.html\">www.museonoelkempff.org\/sitio<\/a><\/td><\/tr><tr><td>OGD- Organizaci\u00f3n Guia y Destino<\/td><td><a href=\"http:\/\/www.destinosantacruz.com\/Pages\/pgSeccion.aspx?id=4\">www.destinosantacruz.com<\/a><\/td><\/tr><tr><td>GOBIERNO DEPARTAMENTAL DE SANTA CRUZ- SECRETARIA DE DESARROLLO<\/td><td><a href=\"http:\/\/www.santacruz.gob.bo\/turistica\/medioambiente\/index.php\">www.santacruz.gob.bo<\/a><\/td><\/tr><tr><td>GOBIERNO DEPARTAMENTAL DE SANTA CRUZ- ORDENAMIENTO TERRITORIAL<\/td><td><a href=\"http:\/\/www.santacruz.gob.bo\/turistica\/medioambiente\/ordenamiento\/index.php?IdMenu=30019\">www.santacruz.gob.bo\/turistica<\/a><\/td><\/tr><tr><td>GOBIERNO DEPARTAMENTAL DE SANTA CRUZ &#8211; CENTRO DE EDUCACI\u00d3N AMBIENTAL<\/td><td><a href=\"http:\/\/www.santacruz.gob.bo\/turistica\/medioambiente\/educacion\/index.php?IdMenu=30043\">www.santacruz.gob.bo\/turistica<\/a><\/td><\/tr><tr><td>GOBIERNO DEPARTAMENTAL DE SANTA CRUZ- CALIDAD AMBIENTAL<\/td><td><a href=\"http:\/\/www.santacruz.gob.bo\/turistica\/medioambiente\/calidad\/index.php?IdMenu=30026\">www.santacruz.gob.bo<\/a><\/td><\/tr><tr><td>PAAC- Programa de Asistencia Agrobioenerg\u00e9tica al Campesino<\/td><td><a href=\"mailto:paac@supernet.com.bo\">paac@supernet.com.bo<\/a><\/td><\/tr><tr><td>PROBIOMA- Productividad Biosfera y Medio<\/td><td><a href=\"http:\/\/www.probioma.org.bo\/\">http:\/\/www.probioma.org.bo\/<\/a><\/td><\/tr><tr><td>PRODENA &#8211; Asociaci\u00f3n Pro Defensa de la Naturaleza<\/td><td><a href=\"http:\/\/www.prodena.org\">www.prodena.org<\/a><\/td><\/tr><tr><td>PROMETA- Protecci\u00f3n del Medio Ambiente Tarija<\/td><td>www.elgranchaco.com\/prometa<\/td><\/tr><tr><td>REPORTE Y ENERGIA<\/td><td><a href=\"http:\/\/www.reporteenergia.com\/noticias\/index.php\">www.reporteenergia.com<\/a><\/td><\/tr><tr><td>SAGUAPAC- Cooperativa de Servicios P\u00fablicos \u201cSanta Cruz\u201d<\/td><td><a href=\"http:\/\/saguapac.com.bo\/inicio.php\">http:\/\/saguapac.com.bo\/inicio.php<\/a><\/td><\/tr><tr><td>SBDA &#8211; Sociedad Boliviana de Derecho Ambiental<\/td><td><a href=\"http:\/\/www.sbda.org.bo\/\">http:\/\/www.sbda.org.bo\/<\/a><\/td><\/tr><tr><td>SOPE- Sociedad Potosina de Ecolog\u00eda<\/td><td><a href=\"mailto:sopepotosi@hotmail.com\">sopepotosi@hotmail.com<\/a><\/td><\/tr><tr><td>SNV-Servicios Holand\u00e9s de Cooperaci\u00f3n al &nbsp;Desarrollo<\/td><td><a href=\"http:\/\/www.snvla.org\/es\/\">http:\/\/www.snvla.org\/es<\/a>\/<\/td><\/tr><tr><td>TNC-&nbsp; The&nbsp;Nature&nbsp;Conservancy<\/td><td><a href=\"http:\/\/espanol.tnc.org\/dondetrabajamos\/bolivia\/\">www.nature.org\/wherewework<\/a><\/td><\/tr><tr><td>UNAMAZ- Asociaci\u00f3n de Universidades Amaz\u00f3nicas<\/td><td><a href=\"http:\/\/www.destinosantacruz.com\/Pages\/pgSeccion.aspx?id=4\">http:\/\/www.unamaz.org\/site\/index.php<\/a><\/td><\/tr><tr><td>VIDA VIVE<\/td><td><a href=\"http:\/\/localhost2020\/www.vive.org.bo\">www.vive.org.bo<\/a><\/td><\/tr><tr><td>WCS- Wildlife Conservation Society<\/td><td><a href=\"http:\/\/www.wcsbolivia.org\/\">http:\/\/www.wcsbolivia.org\/<\/a><\/td><\/tr><tr><td>WWF BOLIVIA &#8211; World Wildlife Fund<\/td><td><a href=\"http:\/\/wwf.panda.org\/who_we_are\/wwf_offices\/bolivia\/index.cfm\">wwf.panda.org\/<\/a><\/td><\/tr><tr><td>ZOOL\u00d3GICO SCZ<\/td><td><a href=\"http:\/\/www.zoofaunasudamericana.net\/web\/\">www.zoofaunasudamericana.net<\/a><\/td><\/tr><\/tbody><\/table><\/figure>\n ","protected":false},"excerpt":{"rendered":"<p>INSTITUCI\u00d3N SITIO WEB ADEFCO-&nbsp; Asociaci\u00f3n de Derecho Forestal Ambiental de Bolivia http:\/\/www.adefabo.org\/ AGUA Y JUVENTUD www.aguayjuventudbolivia.blogspot.com ALT &#8211; Autoridad Binacional Aut\u00f3noma del Sistema H\u00eddrico del Lago Titicaca http:\/\/www.alt-perubolivia.org\/pagina\/ AMBIO CHACO- ambiochaco@gmail.com ARMONIA- Asociaci\u00f3n Armon\u00eda http:\/\/www.armonia-bo.org\/ ASE- Asociaci\u00f3n Sucrense de Ecol\u00f3gica &hellip; <a href=\"https:\/\/observatorioambientaluagrm.net\/?page_id=963\">Continuar<\/a><\/p>\n","protected":false},"author":4,"featured_media":0,"parent":0,"menu_order":0,"comment_status":"closed","ping_status":"closed","template":"","meta":{"kt_blocks_editor_width":"","footnotes":""},"class_list":["post-963","page","type-page","status-publish","hentry"],"_links":{"self":[{"href":"https:\/\/observatorioambientaluagrm.net\/index.php?rest_route=\/wp\/v2\/pages\/963","targetHints":{"allow":["GET"]}}],"collection":[{"href":"https:\/\/observatorioambientaluagrm.net\/index.php?rest_route=\/wp\/v2\/pages"}],"about":[{"href":"https:\/\/observatorioambientaluagrm.net\/index.php?rest_route=\/wp\/v2\/types\/page"}],"author":[{"embeddable":true,"href":"https:\/\/observatorioambientaluagrm.net\/index.php?rest_route=\/wp\/v2\/users\/4"}],"replies":[{"embeddable":true,"href":"https:\/\/observatorioambientaluagrm.net\/index.php?rest_route=%2Fwp%2Fv2%2Fcomments&post=963"}],"version-history":[{"count":2,"href":"https:\/\/observatorioambientaluagrm.net\/index.php?rest_route=\/wp\/v2\/pages\/963\/revisions"}],"predecessor-version":[{"id":967,"href":"https:\/\/observatorioambientaluagrm.net\/index.php?rest_route=\/wp\/v2\/pages\/963\/revisions\/967"}],"wp:attachment":[{"href":"https:\/\/observatorioambientaluagrm.net\/index.php?rest_route=%2Fwp%2Fv2%2Fmedia&parent=963"}],"curies":[{"name":"wp","href":"https:\/\/api.w.org\/{rel}","templated":true}]}}